etermine o(-24).
33
Let i(u) = 1570*u + 91048. Determine i(-58).
-12
Let a(f) = -2*f**3 - 43*f**2 - 614*f + 7078. What is a(7)?
-13
Let r(f) = 48*f**2 + 463*f + 1014. Calculate r(-6).
-36
Let x(k) = -k**3 + 207*k**2 - 10531*k - 33. Give x(90).
-123
Let m(y) = 2*y**3 + 78*y**2 - 232*y + 862. What is m(-42)?
22
Let d(t) = 111*t**2 + 102*t - 215. Calculate d(1).
-2
Let z(v) = 29525*v - 177198. Determine z(6).
-48
Let a(h) = 5*h**3 + 5*h**2 - 45*h - 405. What is a(-8)?
-2285
Let k(n) = 4289*n**2 + 76*n - 23. Determine k(1).
4342
Let y(z) = 3*z**2 - 374*z + 375. Calculate y(1).
4
Let o(g) = -813*g - 2613. Give o(-3).
-174
Let b(k) = 11891*k + 59761. Give b(-5).
306
Let z(w) = 5228*w + 355. Determine z(0).
355
Let t(q) = -36*q**3 - 10*q**2 + 16*q + 51. Determine t(-3).
885
Let h(w) = 30253*w - 242519. What is h(8)?
-495
Let v(x) = -4*x**2 + 15200*x + 30421. Determine v(-2).
5
Let i(u) = -u**3 - 36*u**2 + 238*u + 6444. Calculate i(-37).
-993
Let u(t) = -15*t**3 - 621*t**2 + 702*t + 13604. Determine u(-42).
-4
Let q(p) = 45482*p - 45671. Calculate q(1).
-189
Let f(h) = -83*h**3 - 6059*h**2 - 5*h - 351. Give f(-73).
14
Let n(m) = 5*m**3 + 8*m**2 + 157*m + 897. Calculate n(-6).
-837
Let k(m) = 15*m**2 - 224*m - 3694. What is k(-16)?
3730
Let k(t) = 294*t**2 + 6145*t - 617. Calculate k(-21).
-8
Let j(o) = o**3 - 29*o**2 - 1020*o - 1506. Give j(50).
-6
Let o(l) = -120*l**3 - 14*l**2 + 41*l - 131. Determine o(3).
-3374
Let i(c) = 65751*c + 526001. Determine i(-8).
-7
Let n(r) = 188614*r - 1320221. Give n(7).
77
Let s(n) = -n**3 + 23*n**2 - 98*n - 29. Calculate s(15).
301
Let t(o) = -6*o**3 - 4626*o**2 + 32676*o + 30. What is t(-778)?
30
Let i(k) = 16*k**2 + 49829*k + 248746. Determine i(-5).
1
Let c(x) = 161453*x + 645807. What is c(-4)?
-5
Let r(x) = -4*x**3 - 263*x**2 - 455*x + 139. Determine r(-64).
587
Let a(y) = -2*y**3 + 42*y**2 - 13*y + 659. Calculate a(22).
-595
Let r(b) = 20*b**2 + 1034*b + 60. Calculate r(-52).
372
Let s(q) = q**2 - 251*q + 9142. What is s(162)?
-5276
Let o(w) = w**3 + 79*w**2 + 119*w + 664. Determine o(-77).
3359
Let b(v) = -v**3 + 790*v**2 - 59315*v + 930. Give b(84).
6
Let d(s) = -6*s**2 - 2144*s - 31460. What is d(-342)?
4
Let b(q) = -20*q**2 - 6456*q + 144414. Give b(21).
18
Let b(y) = -1711*y - 852073. Give b(-498).
5
Let j(d) = 4232*d**2 - 12719*d - 18. Give j(3).
-87
Let l(t) = -t**3 + 852*t**2 + 16574*t - 21780. Calculate l(871).
-5
Let w(l) = 101329*l - 3647806. Give w(36).
38
Let j(l) = -7*l**2 - 504*l + 81899. Calculate j(78).
-1
Let x(m) = 47*m**3 - 35*m**2 - 3*m + 2. What is x(3)?
947
Let z(n) = -4*n**2 + 231*n - 371. Determine z(56).
21
Let h(u) = u**3 + 28391*u**2 - 113609*u + 79. Give h(4).
-37
Let v(p) = -p**3 + 26*p**2 + 13*p - 910. Give v(24).
554
Let s(m) = -2*m**3 - 15*m**2 - 26*m - 153. What is s(-7)?
-20
Let q(i) = 883*i - 7442. Determine q(10).
1388
Let a(u) = 14*u**2 + 3948*u + 255. What is a(-282)?
255
Let d(b) = 86*b**3 - 340*b**2 + 5*b - 20. Determine d(4).
64
Let g(h) = 3*h**2 - 1003*h + 337. Determine g(0).
337
Let m(f) = 141*f + 65251. What is m(-460)?
391
Let w(a) = 1086*a - 3278. Calculate w(3).
-20
Let u(p) = -29*p**3 + 671*p**2 - 98*p - 17. What is u(23)?
-155
Let u(s) = -8*s**2 + 217*s + 1257. What is u(-6)?
-333
Let a(x) = 168*x - 15667. Determine a(94).
125
Let m(g) = 73018*g - 219052. Calculate m(3).
2
Let z(l) = 9*l**3 - 97*l**2 - 849*l - 4. Determine z(-8).
-4028
Let w(o) = 2*o**2 + 817*o + 1630. What is w(-2)?
4
Let q(o) = -41*o**2 - 461*o + 11199. What is q(-23)?
113
Let f(g) = 1546*g**2 + 15422*g + 26. What is f(-10)?
406
Let d(a) = -4*a**3 + 52*a**2 + 795*a + 46. Give d(-11).
2917
Let b(s) = -23*s + 680. Give b(28).
36
Let g(x) = 11*x**2 - 295*x - 953. Give g(-3).
31
Let f(p) = 14*p**2 + 3674*p - 54196. What is f(14)?
-16
Let w(p) = 87*p**2 + 7216*p - 67. Calculate w(-83).
348
Let j(r) = 55*r + 1486. Give j(-37).
-549
Let m(q) = -22*q**3 + 10647*q**2 + 429*q + 26551. Give m(484).
-69
Let w(x) = 1676273*x - 8381362. Determine w(5).
3
Let i(y) = y**3 - 6*y**2 + 19309*y - 71. Calculate i(0).
-71
Let m(c) = -8625*c + 146817. Give m(17).
192
Let m(j) = 12379*j - 185196. Give m(15).
489
Let z(s) = -4777*s + 1371045. Calculate z(287).
46
Let g(l) = 3*l**2 + 87*l - 110578. Give g(178).
-40
Let l(o) = 5*o**2 + 374*o - 1631. Give l(-78).
-383
Let c(a) = 2698*a + 10868. Give c(-4).
76
Let y(h) = 2757*h - 2878296. What is y(1044)?
12
Let l(d) = 2877*d + 135477. What is l(-47)?
258
Let y(n) = -14*n**3 - 82*n**2 - 87*n - 3. Determine y(-1).
16
Let m(v) = -v**2 - 44*v - 339. Give m(-7).
-80
Let u(o) = -2205*o - 86037. What is u(-39)?
-42
Let y(p) = -889*p**2 - 13365*p + 17. Calculate y(-15).
467
Let n(m) = -5*m**2 - 405*m - 6907. Determine n(-26).
243
Let q(l) = 15*l**3 - 34*l**2 - 29336*l + 58671. Calculate q(2).
-17
Let h(z) = -z**3 - 102*z**2 - 3999*z - 353488. Calculate h(-98).
-2
Let i(c) = -228352*c - 1369968. Determine i(-6).
144
Let j(x) = -67586*x - 1081425. Give j(-16).
-49
Let i(p) = 3*p**3 + 442*p**2 - 301*p - 122. Give i(-148).
618
Let r(q) = 2900*q - 2914. Calculate r(1).
-14
Let j(x) = -x**2 + 2*x - 202. Give j(0).
-202
Let c(s) = -2*s**2 - 1913*s + 829819. Calculate c(324).
55
Let o(z) = -48*z**2 + 3501*z + 257. What is o(73)?
38
Let h(o) = o**2 + 73*o - 4655. Give h(-113).
-135
Let w(z) = 5*z**2 + 264*z + 1460. Give w(-6).
56
Let k(d) = 559207*d - 2796045. What is k(5)?
-10
Let t(h) = -3*h**3 + 274*h**2 - 1369*h - 470. Calculate t(86).
132
Let g(a) = 129*a + 4529. Calculate g(-32).
401
Let h(n) = 2*n**3 + 111*n**2 + 1588*n + 1756. Calculate h(-30).
16
Let u(q) = q**2 - 136*q - 375. Calculate u(-3).
42
Let d(j) = -5*j**2 - 1781*j - 12231. Give d(-7).
-9
Let i(v) = -48*v**2 - 125*v + 489. What is i(4)?
-779
Let w(o) = -26*o**3 - 1903*o**2 - 271*o + 6883. Give w(-73).
21
Let k(u) = -3*u**2 + 212*u + 2516. Determine k(78).
800
Let y(a) = -2*a**3 - 45*a**2 - 100*a + 64. Determine y(-19).
-563
Let b(i) = -171*i**3 + 168*i**2 - 5*i + 4. Determine b(1).
-4
Let b(r) = -243*r + 21440. Calculate b(79).
2243
Let o(f) = -444*f + 11755. Determine o(30).
-1565
Let h(r) = -64*r - 9223. What is h(-140)?
-263
Let k(y) = -1491*y - 4063. Determine k(-3).
410
Let g(t) = 5*t**2 - 20822*t - 104262. Calculate g(-5).
-27
Let n(y) = -7*y**3 + 35*y**2 + 135*y + 36. Determine n(-6).
1998
Let q(j) = -j**2 - 280*j - 19020. Determine q(-116).
4
Let x(z) = 2*z**3 - 99*z**2 - 302*z + 2946. What is x(52)?
762
Let z(s) = -4408*s - 36578. What is z(-7)?
-5722
Let i(g) = 2*g**3 + 573*g**2 + 2489*g - 13811. Calculate i(-282).
7
Let m(c) = -21*c**2 - 16154*c + 81295. Determine m(5).
0
Let z(o) = 174*o**3 + 226*o**2 + 35*o + 3. Determine z(-1).
20
Let i(y) = -3*y**2 + 1266*y + 90298. Calculate i(-62).
274
Let z(a) = -12078*a + 410651. Calculate z(34).
-1
Let r(m) = -m**3 + 131*m**2 - 4326*m + 6150. Calculate r(57).
-6
Let a(w) = -2*w**3 + 5*w**2 + 1295*w + 269. Determine a(27).
-487
Let y(k) = -2*k**3 + 30*k**2 + 233*k - 2563. Give y(8).
197
Let q(z) = 172*z - 3302. Give q(17).
-378
Let y(v) = -68*v**2 - 883*v + 2124. Calculate y(-15).
69
Let b(j) = -4*j**3 + 1777*j**2 + 3556*j - 10. What is b(-2)?
18
Let n(a) = -466*a - 290. Determine n(0).
-290
Let s(q) = 198*q**2 - 568*q - 39. Calculate s(3).
39
Let u(s) = 1117*s + 89389. What is u(-80)?
29
Let j(z) = 73*z - 3601. Determine j(45).
-316
Let k(y) = 71*y**2 + 856*y - 92. Determine k(0).
-92
Let x(b) = b**3 + 202*b**2 - 1445*b + 4021. Determine x(-209).
259
Let w(b) = 4*b**2 + 59*b - 449. What is w(-25)?
576
Let m(q) = -2*q**3 + 9*q**2 - 3046*q - 19034. Give m(-6).
-2
Let c(n) = -8*n**2 + 1307*n - 1823. Calculate c(162).
-41
Let i(g) = g**3 - 149*g**2 + 336*g - 6461. What is i(147)?
-287
Let y(m) = 1458*m - 156020. Give y(107).
-14
Let o(w) = -1728*w**2 - 6904*w - 8. Give o(-4).
-40
Let q(s) = s**3 - 96*s**2 + 232*s + 3660. Give q(93).
-711
Let c(q) = -132*q - 2969. Calculate c(-12).
-1385
Let s(g) = -60*g**2 + 50*g - 11. What is s(4)?
-771
Let d(a) = 522*a + 9877. Determine d(-19).
-41
Let j(q) = -8*q**3 - 15*q**2 - 58*q - 1. Calculate j(-6).
1535
Let b(l) = -7*l**2 - 78*l + 34527. What is b(-76)?
23
Let s(r) = -3723*r - 245607. Give s(-66).
111
Let n(r) = -291*r + 111993. Give n(385).
-42
Let y(i) = -22105*i + 88321. What is y(4)?
-99
Let p(w) = -6094618*w + 2. What